. What is the units digit of 2/o*744/(-8)?
1
Let w(v) = 205*v**2 - 10*v + 25. What is the tens digit of w(2)?
2
Suppose 21*v + 3*s + 4812 = 22*v, 0 = 4*v + 5*s - 19299. What is the units digit of v?
1
Let c(z) = -z**3 - 4*z**2 - 7*z - 11. Let t be c(-6). Suppose t - 7 = 3*a - 3*m, 5*a = -2*m + 167. What is the units digit of a?
3
Suppose -136*a = -139*a + 432. What is the units digit of a?
4
Let r(q) = -q - 3. Let c be r(-7). Let u = 3 - -1. Suppose g = u + c. What is the units digit of g?
8
Let i(r) = 7*r + 855. What is the tens digit of i(-30)?
4
Suppose 0 = 3*q + 25 + 20. Let r = 32 + q. What is the tens digit of r?
1
Let s(f) be the third derivative of f**6/120 + f**5/4 + 5*f**4/12 + f**3/3 - 5*f**2. Let b be s(-14). Suppose 0 = 5*k - b - 17. What is the units digit of k?
5
Suppose -b + h + 1631 = 0, -44*b + 49*b - 8155 = -2*h. What is the thousands digit of b?
1
Suppose 0*s + s - 3 = 0, 2*v - 2*s - 6 = 0. Let g be 3/v*-1*6. Let w(x) = -3*x + 2. What is the tens digit of w(g)?
1
Let v = -3 - -5. Suppose v*d - 282 = 48. What is the units digit of d?
5
Suppose 3*v = 6 - 0. Suppose -202 = -2*a + 136. Suppose v*s + 4*z - 70 = 0, 5*s + 5*z - a = z. What is the units digit of s?
3
Let p be 8 - ((-3)/3 - -5). Let h be (-33)/p - (-16)/64. What is the units digit of (-2)/(-4) + (-68)/h?
9
Let l be 3*(56/12 + -4). Suppose 0 = -z - 2*c - l, 0*z + 3*c = -z - 6. What is the units digit of z?
6
Suppose 4*f = 15 + 21. Let q = f + -5. Suppose 63 + 25 = q*p. What is the tens digit of p?
2
Let l be ((-36)/30)/(6/(-80)). Suppose -l*i - 2 = -14*i. Let y(c) = 16*c**2 - 2*c - 2. What is the units digit of y(i)?
6
Let f(k) be the second derivative of -13*k**3/6 + 15*k**2/2 - 20*k. What is the units digit of f(-7)?
6
Suppose -2028 = -4*v - 5*d, -26*d + 21*d - 20 = 0. What is the tens digit of v?
1
Let y be (24/(-16))/(6/8). Let a be (-147)/63 - y/6. What is the tens digit of (-204)/(-8) - (-1)/a?
2
Suppose 7*t + 45 = 1207. What is the tens digit of t?
6
Let n = 766 - -710. What is the units digit of n?
6
Let j(m) = -12*m**3 + 5*m**2 - 7*m + 3. Let g(v) = -v**3 + v**2 - v. Let t(z) = -6*g(z) + j(z). What is the hundreds digit of t(-3)?
1
Let d = 3090 - 1817. What is the units digit of d?
3
Suppose -2*x + 4 = -x. Let t be x + 11 + (3 - 0). What is the units digit of (2/3)/(1/t)?
2
Let t = -3265 - -4622. What is the tens digit of t?
5
Suppose -35 = -2*b - 13. Let m(l) = -l + 15. Let n be m(b). Suppose -n*c = -168 + 28. What is the units digit of c?
5
Let v(z) = 2*z**2 - 4*z - 23. Suppose 3*p - 13 = -4*a, -a - 6 = -4*a - 3*p. What is the tens digit of v(a)?
4
Suppose -4*i + 5*n = -6125 + 309, 5*i - 7229 = -4*n. What is the tens digit of i?
4
Suppose 2*x - 274 - 590 = 0. Suppose y + 7*y - x = 0. What is the tens digit of y?
5
Let r be (1 - 0)*(-4 - 15). Let d = r - -53. What is the tens digit of d?
3
Let v(y) = -9*y + 13. Let j(q) = -5*q + 6. Let h(k) = -11*j(k) + 6*v(k). What is the units digit of h(-9)?
3
Suppose -4*q = -h + 6, -h + 6*q = q - 8. Suppose -3*z - 29 = -200. What is the tens digit of (-1)/(111/z + h)?
1
Suppose 3*o = 5*o - 18. Suppose -8*i + o = -5*i. What is the tens digit of i + -3 - -2 - -17?
1
Suppose -6*t + 29*t - 12006 = 0. What is the hundreds digit of t?
5
Suppose 0 = 3*v + v - 5*i - 31, 5*v - i - 23 = 0. Suppose -27 = -v*n + 169. What is the units digit of n?
9
Suppose -143*m + 149*m - 1008 = 0. What is the tens digit of m?
6
Let i(r) = -125*r + 9. Let c be i(-9). Let j be 1*(3 - (-2 - -1)). What is the tens digit of (j/(-6))/((-14)/c)?
5
Let g be ((-3)/(-5))/((-2)/(31*-10)). Suppose g = 7*u - 404. What is the tens digit of u?
7
Let w(y) be the first derivative of y**3/3 - 2*y**2 - 10*y - 2. Let b be w(-4). What is the units digit of b - (4/(-4) - 1)?
4
Suppose 4 = -j + 2*j. Suppose 1110 = 5*w - j*c, w + 2*c - c = 231. Suppose -3*l = 5*o - w, 4 = -l + 1. What is the units digit of o?
7
Suppose 2*q = -5*m - q + 694, 2*m = 3*q + 286. Let w = -94 + m. What is the units digit of w?
6
Let w = -2016 - -4920. What is the units digit of w?
4
Let n(k) = k**2 + k - 4. Let r be n(-3). Let c(o) = -1 + 2*o - 3 - r. What is the units digit of c(6)?
6
Let u = 26 + -24. Suppose u*i + 24 = 154. What is the tens digit of i?
6
Suppose 3*d - 5*y = 2476, 13*d - y = 17*d - 3263. What is the tens digit of d?
1
Let g = -10 - -15. Suppose 5*q = -8*h + 3*h + 190, g*q = 3*h + 166. What is the units digit of q?
5
What is the units digit of (-572 + (-3 - -10))*(-6)/15?
6
Let j(m) = 59*m - 366. What is the hundreds digit of j(10)?
2
Suppose 0*t - 52 = -4*t. Let x = t + -10. Suppose x*q = -0*q + 6, 5*q = 2*a - 40. What is the units digit of a?
5
Let d(k) = 5*k**2 - 3*k + 1. Suppose 3*m - 19 = -4*y, -4*y - m + 7 + 2 = 0. What is the units digit of d(y)?
3
Let c = 3756 + -2109. What is the thousands digit of c?
1
Suppose 2*n = -6, -k = 2*k + 4*n + 6. Suppose 3*s = -h + 113, 2*h - s - 201 = -k*s. What is the tens digit of h?
9
Let v = 112 + -446. What is the tens digit of v/(-12) - 4/(-24)?
2
Let p = 10 + -10. Suppose q + q - 10 = p, 5*u = 2*q - 25. What is the units digit of 21 + u - (2 - 3)?
9
Let k(u) = 2*u - 10. Let f be k(7). Suppose -y - f*y + 10 = 0. Let o = 27 - y. What is the tens digit of o?
2
Let f = -28 + 57. Suppose -3*z - f = -80. Suppose 5*x + 4*o - 42 = z, 19 = 2*x - 3*o. What is the units digit of x?
1
Suppose -2*r = f - 7*r - 638, 4*r + 1914 = 3*f. What is the tens digit of f?
3
Suppose t + 6*t = 1036. Suppose 3*n + 4*g - 350 = t, -2*n - 3*g = -332. What is the tens digit of n?
6
Let p = 4087 + -2715. What is the hundreds digit of p?
3
Let l = -44 - -86. Let y = l - 108. What is the units digit of ((-4)/(-4))/((-3)/y)?
2
What is the tens digit of (-50743)/(-55) + (-3)/5?
2
What is the tens digit of 3795/33 + 0/((-2)/(-2))?
1
Let a be ((-2)/2)/(1/(-5)). What is the units digit of 104*(13/2 - a)?
6
Let z = -357 + 825. What is the hundreds digit of z?
4
Let v = -19 + 9. Let m(y) = -2*y - 16. Let w be m(v). Suppose 0 = -w*n + 3*b + 236, 295 = 5*n + 3*b + 2*b. What is the units digit of n?
9
Let f(j) = j + 11. Let n be f(-6). Suppose 5*l - 160 = -n*l. What is the units digit of l?
6
Suppose -3*d + 8964 = -3*y + 6*y, -4*d + 5984 = 2*y. What is the thousands digit of y?
2
Let w be ((-78)/4)/(13/26). What is the tens digit of (-5)/(10/(-444))*(-13)/w?
7
Let x = -33 + 32. What is the tens digit of -4 - (x - 156/4)?
3
What is the thousands digit of (-63546)/(-42) + (-4)/2?
1
Suppose -5*r + 36 = -24. Suppose -5*d - 3 = 12. What is the units digit of 3*(r + 0) + d?
3
Let l = 1811 - 1110. What is the hundreds digit of l?
7
Suppose -15 = -5*p, 4*b - 2*p = b + 3954. Suppose 32*r - 12*r = b. What is the units digit of r?
6
Let b(h) be the first derivative of 5*h**3/3 + 5*h**2 + 5*h - 33. What is the units digit of b(-7)?
0
Let p = 15 - 10. Suppose 0*q - 30 = p*q. What is the tens digit of ((-34)/q)/(2/6)?
1
Let u = 18 - -1. Suppose u = l - 3*q - 5, -56 = -3*l + q. What is the tens digit of l?
1
Let q(g) = g**3 - 2*g**2 - 3*g. Let n be q(3). Let t = 4 - n. Suppose 0*r = -t*o - r + 35, -2*r + 40 = 5*o. What is the units digit of o?
0
Let a(b) = 548*b**2 - 2. Let z be a(-1). Suppose -3*o = 3*w - z, -o - 700 = -4*w + 2*o. What is the hundreds digit of w?
1
Suppose 3*j + 4 = 4*h, 5*j + 12 = -8. Let v(d) = 9*d**2 - 4*d - 10. Let o(g) = 4*g**2 - 2*g - 5. Let n(s) = -5*o(s) + 3*v(s). What is the units digit of n(h)?
7
Let j be 48/16 - -1*1. Let k(v) = 18*v + 27. What is the units digit of k(j)?
9
Let r(w) = 57*w - 60. What is the units digit of r(12)?
4
Let c(v) be the first derivative of 4*v**3/3 + v**2 - v + 2. Let n(f) = -f**2 + 8*f - 5. Let a be n(7). What is the tens digit of c(a)?
1
Suppose -13*z = 2*z - 6765. What is the hundreds digit of z?
4
Suppose n + 6*n - 63 = 0. What is the units digit of n?
9
Let d(b) = 282*b + 127. What is the tens digit of d(9)?
6
Suppose 5*d + 3*n - 11 = n, 4*d - 7 = -n. Let j(f) = 161*f**2 + f - 2. What is the units digit of j(d)?
0
Let j(n) = 2*n**2 - 10*n + 103. What is the hundreds digit of j(18)?
5
Let s(n) = 18*n**2 + 12*n + 22. Suppose -r = -2*i, 2*r = 13*i - 11*i - 2. What is the tens digit of s(r)?
7
Let g(n) = n**3 + 2*n**2 - n + 1. Let k be g(-2). Suppose -p = k*p - 216. Let y = -33 + p. What is the tens digit of y?
2
Let y = 9 - 5. 